{"id":1604,"date":"2026-03-26T20:54:24","date_gmt":"2026-03-26T19:54:24","guid":{"rendered":"https:\/\/cerhom.fr\/?page_id=1604"},"modified":"2026-04-03T17:30:53","modified_gmt":"2026-04-03T15:30:53","slug":"tomo","status":"publish","type":"page","link":"https:\/\/cerhom.fr\/index.php\/tomo\/","title":{"rendered":"TOMO"},"content":{"rendered":"<div class=\"\" style=\"\" >\n    \n    <section class=\"u-clearfix u-section-2\" id=\"block-1\">\n      <div class=\"u-clearfix u-sheet u-sheet-1\">\n        <h1 class=\"u-align-center-xs u-text u-text-default-lg u-text-default-xl u-title u-text-1\">TOMO :&nbsp;Parler avec quelqu\u2019un qui comprend vraiment<\/h1>\n        <div class=\"u-border-3 u-border-custom-color-37 u-shape u-shape-bottom u-shape-left u-shape-line u-shape-right u-shape-1\"><\/div>\n      <\/div>\n    <\/section>\n    <section class=\"u-clearfix u-section-3\" id=\"block-13\">\n      <div class=\"u-clearfix u-sheet u-valign-middle-md u-valign-middle-xl u-sheet-1\">\n        <p class=\"u-align-center u-text u-text-1\">Quand on est touch\u00e9 par un cancer de la prostate, certaines questions sont difficiles \u00e0 poser\u2026&nbsp;<br>Certaines exp\u00e9riences sont difficiles \u00e0 partager\u2026\n        <\/p>\n      <\/div>\n    <\/section>\n    <section class=\"u-clearfix u-section-4\" id=\"block-2\">\n      <div class=\"u-clearfix u-sheet u-sheet-1\">\n        <div class=\"u-align-center-xs u-color-var u-container-style u-group u-radius u-group-1\">\n          <div class=\"u-container-layout u-container-layout-1\">\n            <p class=\"u-text u-text-1\"> &nbsp; &nbsp; &nbsp; Et si vous pouviez \u00e9changer avec quelqu\u2019un qui est pass\u00e9 par l\u00e0 ?<br><span style=\"font-weight: 700;\"><\/span>\n            <\/p>\n            <img decoding=\"async\" class=\"u-image u-image-contain u-image-default u-preserve-proportions u-image-1\" src=\"https:\/\/cerhom.fr\/wp-content\/uploads\/2026\/03\/poucevertleve.png\" alt=\"\" data-image-width=\"740\" data-image-height=\"740\">\n            <p class=\"u-text u-text-2\">Gr\u00e2ce \u00e0 la pair-aidance, vous pouvez parler avec un patient ayant v\u00e9cu la maladie, dans un cadre confidentiel, humain et bienveillant.<\/p>\n          <\/div>\n        <\/div>\n        <img decoding=\"async\" class=\"u-image u-image-contain u-image-default u-preserve-proportions u-image-2\" src=\"https:\/\/cerhom.fr\/wp-content\/uploads\/2026\/03\/Hommereflechit.png\" alt=\"\" data-image-width=\"740\" data-image-height=\"740\">\n      <\/div>\n    <\/section>\n    <section class=\"u-clearfix u-section-5\" id=\"block-12\">\n      <div class=\"u-clearfix u-sheet u-sheet-1\">\n        <div class=\"u-color-var u-container-style u-group u-radius u-group-1\">\n          <div class=\"u-container-layout u-valign-bottom-xl u-container-layout-1\">\n            <p class=\"u-text u-text-1\"> Service gratuit<br>\n              <br>\u00c9changes confidentiels<br>\n              <br>Visio, t\u00e9l\u00e9phone ou message<br><span style=\"font-weight: 700;\"><\/span>\n            <\/p>\n            <img decoding=\"async\" class=\"u-image u-image-contain u-image-default u-image-1\" src=\"https:\/\/cerhom.fr\/wp-content\/uploads\/2026\/03\/servicegratuit-1.png\" alt=\"\" data-image-width=\"507\" data-image-height=\"406\">\n            <img decoding=\"async\" class=\"u-image u-image-contain u-image-default u-image-2\" src=\"https:\/\/cerhom.fr\/wp-content\/uploads\/2026\/03\/confidentiel.png\" alt=\"\" data-image-width=\"507\" data-image-height=\"406\">\n            <img decoding=\"async\" class=\"u-image u-image-contain u-image-default u-image-3\" src=\"https:\/\/cerhom.fr\/wp-content\/uploads\/2026\/03\/digital.png\" alt=\"\" data-image-width=\"507\" data-image-height=\"406\">\n          <\/div>\n        <\/div>\n        <img decoding=\"async\" class=\"u-expanded-width-xs u-image u-image-contain u-image-default u-preserve-proportions u-image-4\" src=\"https:\/\/cerhom.fr\/wp-content\/uploads\/2026\/04\/Appelvideo.png\" alt=\"\" data-image-width=\"1536\" data-image-height=\"1024\">\n      <\/div>\n    <\/section>\n    <section class=\"u-clearfix u-section-6\" id=\"block-14\">\n      <div class=\"u-clearfix u-sheet u-valign-middle-xl u-sheet-1\">\n        <a href=\"https:\/\/ipsen.jointomo.com\" class=\"u-btn u-btn-round u-button-style u-custom-color-36 u-hover-custom-color-34 u-radius u-text-custom-color-34 u-text-hover-custom-color-36 u-btn-1\">acc\u00e9der \u00e0 la plateforme <\/a>\n        <p class=\"u-text u-text-default-lg u-text-default-md u-text-default-sm u-text-default-xl u-text-1\">Cette plateforme a \u00e9t\u00e9 financ\u00e9e par<\/p>\n        <img decoding=\"async\" class=\"u-image u-image-contain u-image-default u-image-1\" src=\"https:\/\/cerhom.fr\/wp-content\/uploads\/2026\/03\/Ipsen.webp\" alt=\"\" data-image-width=\"1459\" data-image-height=\"1084\">\n      <\/div>\n    <\/section>\n    <section class=\"u-clearfix u-color-var u-section-7\" id=\"block-3\">\n      <div class=\"u-clearfix u-sheet u-valign-middle-xs u-sheet-1\">\n        <div class=\"custom-expanded u-custom-color-36 u-radius u-shape u-shape-round u-shape-1\"><\/div>\n        <h1 class=\"u-align-center-lg u-align-center-xl u-text u-text-1\">Vous n'\u00eates pas seul<\/h1>\n      <\/div>\n    <\/section>\n    <section class=\"u-clearfix u-color-var u-section-8\" id=\"block-4\">\n      <div class=\"u-clearfix u-sheet u-valign-middle-xs u-sheet-1\">\n        <p class=\"u-text u-text-1\"> Faire face \u00e0 un cancer, c\u2019est aussi faire face \u00e0 :<\/p>\n        <ul class=\"u-text u-text-default u-text-2\">\n          <li> des doutes<\/li>\n          <li>des questions personnelles<\/li>\n          <li>des moments de solitude<\/li>\n        <\/ul>\n        <p class=\"u-text u-text-3\"> M\u00eame bien entour\u00e9, certaines choses sont plus faciles \u00e0 partager avec quelqu\u2019un qui a v\u00e9cu la m\u00eame situation.<\/p>\n        <p class=\"u-text u-text-custom-color-37 u-text-4\">&#x1f449; C\u2019est exactement ce que permet la pair-aidance.<\/p>\n        <img decoding=\"async\" class=\"u-expanded-width-xs u-image u-image-contain u-image-default u-image-1\" src=\"https:\/\/cerhom.fr\/wp-content\/uploads\/2026\/03\/groupepairsaidants.png\" alt=\"\" data-image-width=\"441\" data-image-height=\"661\">\n      <\/div>\n    <\/section>\n    <section class=\"u-clearfix u-section-9\" id=\"block-5\">\n      <div class=\"u-clearfix u-sheet u-valign-middle-md u-valign-middle-xs u-sheet-1\">\n        <div class=\"custom-expanded u-custom-color-36 u-hidden-lg u-hidden-md u-hidden-xl u-radius u-shape u-shape-round u-shape-1\"><\/div>\n        <div class=\"custom-expanded u-custom-color-36 u-hidden-xs u-radius u-shape u-shape-round u-shape-2\"><\/div>\n        <h1 class=\"u-text u-text-1\">Ce que TOMO apporte<\/h1>\n      <\/div>\n    <\/section>\n    <section class=\"u-clearfix u-section-10\" id=\"block-6\">\n      <div class=\"u-clearfix u-sheet u-valign-top-xs u-sheet-1\">\n        <img decoding=\"async\" class=\"u-hidden-lg u-hidden-md u-hidden-xl u-hidden-xs u-image u-image-contain u-image-default u-image-1\" src=\"https:\/\/cerhom.fr\/wp-content\/uploads\/2026\/03\/Capturedecran2026-03-05a19.43.50.png\" alt=\"\" data-image-width=\"404\" data-image-height=\"408\">\n        <img decoding=\"async\" class=\"u-hidden-lg u-hidden-md u-hidden-xl u-hidden-xs u-image u-image-default u-image-2\" src=\"https:\/\/cerhom.fr\/wp-content\/uploads\/2026\/03\/Sanstitre.png\" alt=\"\" data-image-width=\"382\" data-image-height=\"400\">\n        <img decoding=\"async\" class=\"u-hidden-lg u-hidden-md u-hidden-xl u-hidden-xs u-image u-image-contain u-image-default u-image-3\" src=\"https:\/\/cerhom.fr\/wp-content\/uploads\/2026\/03\/Capturedecran2026-03-05a19.43.46.png\" alt=\"\" data-image-width=\"362\" data-image-height=\"402\">\n        <img decoding=\"async\" class=\"custom-expanded u-expanded-width-lg u-expanded-width-xl u-image u-image-contain u-image-default u-image-4\" src=\"https:\/\/cerhom.fr\/wp-content\/uploads\/2026\/03\/ChatGPTImage26mars202619_44_48.png\" alt=\"\" data-image-width=\"1536\" data-image-height=\"335\">\n        <p class=\"u-align-center u-text u-text-1\"><span style=\"font-weight: 700;\"><\/span>Comprendre le parcours de soins autrement\n        <\/p>\n        <p class=\"u-align-center u-text u-text-2\"><b>P<\/b>oser des questions sans tabou\n        <\/p>\n        <p class=\"u-align-center u-text u-text-3\"><span style=\"font-weight: 700;\"><\/span> Se sentir \u00e9cout\u00e9 et compris\n        <\/p>\n        <p class=\"u-align-center u-text u-text-4\"><span style=\"font-weight: 700;\"><\/span>Obtenir des conseils concrets\n        <\/p>\n        <p class=\"u-align-center u-text u-text-5\"><span style=\"font-weight: 700;\"><\/span> Rompre l\u2019isolement\n        <\/p>\n        <div class=\"custom-expanded u-border-3 u-border-color-var u-hidden-lg u-hidden-md u-hidden-sm u-hidden-xl u-shape u-shape-bottom u-shape-left u-shape-line u-shape-right u-shape-1\"><\/div>\n        <div class=\"u-border-3 u-border-color-var u-hidden-lg u-hidden-md u-hidden-sm u-hidden-xl u-shape u-shape-bottom u-shape-left u-shape-line u-shape-right u-shape-2\"><\/div>\n        <div class=\"u-border-3 u-border-color-var u-hidden-lg u-hidden-md u-hidden-sm u-hidden-xl u-shape u-shape-bottom u-shape-left u-shape-line u-shape-right u-shape-3\"><\/div>\n        <div class=\"u-border-3 u-border-color-var u-hidden-lg u-hidden-md u-hidden-sm u-hidden-xl u-shape u-shape-bottom u-shape-left u-shape-line u-shape-right u-shape-4\"><\/div>\n      <\/div>\n    <\/section>\n    <section class=\"u-clearfix u-color-var u-section-11\" id=\"block-7\">\n      <div class=\"u-clearfix u-sheet u-sheet-1\">\n        <div class=\"u-custom-color-36 u-radius u-shape u-shape-round u-shape-1\"><\/div>\n        <h1 class=\"u-text u-text-1\">Comment \u00e7a marche ?<\/h1>\n      <\/div>\n    <\/section>\n    <section class=\"u-clearfix u-color-var u-section-12\" id=\"block-8\">\n      <div class=\"u-clearfix u-sheet u-valign-middle-xs u-sheet-1\">\n        <p class=\"u-align-center-xs u-text u-text-default-lg u-text-default-md u-text-default-sm u-text-default-xl u-text-1\"> Acc\u00e9dez \u00e0 la plateforme<br>D\u00e9couvrez les profils de patients partenaires<br>Choisissez la personne avec qui vous souhaitez \u00e9changer<br>R\u00e9servez un cr\u00e9neau<br>\u00c9changez en visio, t\u00e9l\u00e9phone ou message\n        <\/p>\n        <img decoding=\"async\" class=\"u-image u-image-contain u-image-default u-image-1\" src=\"https:\/\/cerhom.fr\/wp-content\/uploads\/2026\/03\/Plateforme.png\" alt=\"\" data-image-width=\"289\" data-image-height=\"271\">\n        <img decoding=\"async\" class=\"u-image u-image-contain u-image-default u-image-2\" src=\"https:\/\/cerhom.fr\/wp-content\/uploads\/2026\/03\/Profils.png\" alt=\"\" data-image-width=\"289\" data-image-height=\"271\">\n        <img decoding=\"async\" class=\"u-image u-image-contain u-image-default u-image-3\" src=\"https:\/\/cerhom.fr\/wp-content\/uploads\/2026\/03\/Echanges.png\" alt=\"\" data-image-width=\"289\" data-image-height=\"271\">\n        <img decoding=\"async\" class=\"u-image u-image-contain u-image-default u-image-4\" src=\"https:\/\/cerhom.fr\/wp-content\/uploads\/2026\/03\/Creneaux.png\" alt=\"\" data-image-width=\"289\" data-image-height=\"271\">\n        <img decoding=\"async\" class=\"u-image u-image-contain u-image-default u-image-5\" src=\"https:\/\/cerhom.fr\/wp-content\/uploads\/2026\/03\/Entretien.png\" alt=\"\" data-image-width=\"289\" data-image-height=\"271\">\n        <div class=\"u-color-var u-shape u-shape-circle u-shape-1\"><\/div>\n        <p class=\"u-custom-font u-font-lobster u-text u-text-custom-color-37 u-text-2\">1<\/p>\n        <div class=\"u-color-var u-preserve-proportions u-shape u-shape-circle u-shape-2\"><\/div>\n        <p class=\"u-custom-font u-font-lobster u-text u-text-custom-color-37 u-text-3\">2<\/p>\n        <div class=\"u-color-var u-preserve-proportions u-shape u-shape-circle u-shape-3\"><\/div>\n        <p class=\"u-custom-font u-font-lobster u-text u-text-custom-color-37 u-text-4\">3<\/p>\n        <div class=\"u-color-var u-preserve-proportions u-shape u-shape-circle u-shape-4\"><\/div>\n        <p class=\"u-custom-font u-font-lobster u-text u-text-custom-color-37 u-text-5\">4<\/p>\n        <div class=\"u-color-var u-preserve-proportions u-shape u-shape-circle u-shape-5\"><\/div>\n        <p class=\"u-custom-font u-font-lobster u-text u-text-custom-color-37 u-text-6\">5<\/p>\n      <\/div>\n    <\/section>\n    <section class=\"u-clearfix u-section-13\" id=\"block-15\">\n      <div class=\"u-clearfix u-sheet u-valign-middle-md u-valign-middle-xs u-sheet-1\">\n        <div class=\"custom-expanded u-custom-color-36 u-hidden u-radius u-shape u-shape-round u-shape-1\"><\/div>\n        <div class=\"u-custom-color-36 u-hidden-lg u-hidden-md u-hidden-sm u-hidden-xl u-radius u-shape u-shape-round u-shape-2\"><\/div>\n        <div class=\"u-custom-color-36 u-hidden u-radius u-shape u-shape-round u-shape-3\"><\/div>\n        <div class=\"u-custom-color-36 u-radius u-shape u-shape-round u-shape-4\"><\/div>\n        <h1 class=\"u-align-center-xs u-text u-text-1\">Vous souhaitez devenir pair-aidant ?<\/h1>\n      <\/div>\n    <\/section>\n    <section class=\"u-clearfix u-section-14\" id=\"block-16\">\n      <div class=\"u-clearfix u-sheet u-sheet-1\">\n        <p class=\"u-align-center-xs u-custom-font u-font-merriweather u-text u-text-default-lg u-text-default-md u-text-default-sm u-text-default-xl u-text-1\">Si vous avez \u00e9t\u00e9 touch\u00e9 par un cancer de la prostate, testicule ou autre,\nvous pouvez aussi, si vous le souhaitez :<\/p>\n        <p class=\"u-align-center u-custom-font u-font-merriweather u-text u-text-default u-text-2\">&#x1f449; devenir pair-aidant&nbsp;<br>&#x1f449;&nbsp;accompagner d\u2019autres patients&nbsp;<br>&#x1f449; transmettre votre exp\u00e9rience\n        <\/p>\n        <p class=\"u-custom-font u-font-merriweather u-text u-text-default u-text-3\">C'est possible !<\/p>\n        <a href=\"mailto:hello@jointomo.com?subject=Devenir Pair-Aidant\" class=\"u-btn u-btn-round u-button-style u-custom-color-36 u-hover-custom-color-34 u-radius u-text-custom-color-34 u-text-hover-custom-color-36 u-btn-1\">Contacter TOMO<\/a>\n      <\/div>\n    <\/section>\n    <section class=\"u-clearfix u-valign-middle-md u-valign-middle-xs u-section-15\" id=\"block-17\">\n      <img decoding=\"async\" class=\"u-expanded-width u-image u-image-default u-image-1\" src=\"https:\/\/cerhom.fr\/wp-content\/uploads\/2026\/03\/BandeauTOMOxCerHom.png\" alt=\"\" data-image-width=\"1920\" data-image-height=\"566\">\n    <\/section>\n    \n    \n    \n  \n<\/div>","protected":false},"excerpt":{"rendered":"<p>TOMO :&nbsp;Parler avec quelqu\u2019un qui comprend vraiment Quand on est touch\u00e9 par un cancer de la prostate, certaines questions sont difficiles \u00e0 poser\u2026&nbsp;Certaines exp\u00e9riences sont difficiles \u00e0 partager\u2026 &nbsp; &nbsp; &nbsp; Et si vous pouviez \u00e9changer avec quelqu\u2019un qui est pass\u00e9 par l\u00e0 ? Gr\u00e2ce \u00e0 la pair-aidance, vous pouvez parler avec un patient ayant [&hellip;]<\/p>\n","protected":false},"author":1,"featured_media":0,"parent":0,"menu_order":0,"comment_status":"closed","ping_status":"closed","template":"","meta":{"footnotes":""},"class_list":["post-1604","page","type-page","status-publish","hentry"],"yoast_head":"<!-- This site is optimized with the Yoast SEO plugin v27.2 - https:\/\/yoast.com\/product\/yoast-seo-wordpress\/ -->\n<title>TOMO - CerHom<\/title>\n<meta name=\"robots\" content=\"index, follow, max-snippet:-1, max-image-preview:large, max-video-preview:-1\" \/>\n<link rel=\"canonical\" href=\"https:\/\/cerhom.fr\/index.php\/tomo\/\" \/>\n<meta property=\"og:locale\" content=\"fr_FR\" \/>\n<meta property=\"og:type\" content=\"article\" \/>\n<meta property=\"og:title\" content=\"TOMO - CerHom\" \/>\n<meta property=\"og:description\" content=\"TOMO :&nbsp;Parler avec quelqu\u2019un qui comprend vraiment Quand on est touch\u00e9 par un cancer de la prostate, certaines questions sont difficiles \u00e0 poser\u2026&nbsp;Certaines exp\u00e9riences sont difficiles \u00e0 partager\u2026 &nbsp; &nbsp; &nbsp; Et si vous pouviez \u00e9changer avec quelqu\u2019un qui est pass\u00e9 par l\u00e0 ? Gr\u00e2ce \u00e0 la pair-aidance, vous pouvez parler avec un patient ayant [&hellip;]\" \/>\n<meta property=\"og:url\" content=\"https:\/\/cerhom.fr\/index.php\/tomo\/\" \/>\n<meta property=\"og:site_name\" content=\"CerHom\" \/>\n<meta property=\"article:publisher\" content=\"https:\/\/www.facebook.com\/CerhomAsso\/\" \/>\n<meta property=\"article:modified_time\" content=\"2026-04-03T15:30:53+00:00\" \/>\n<meta name=\"twitter:card\" content=\"summary_large_image\" \/>\n<meta name=\"twitter:site\" content=\"@CerhomAsso\" \/>\n<meta name=\"twitter:label1\" content=\"Dur\u00e9e de lecture estim\u00e9e\" \/>\n\t<meta name=\"twitter:data1\" content=\"5 minutes\" \/>\n<script type=\"application\/ld+json\" class=\"yoast-schema-graph\">{\"@context\":\"https:\/\/schema.org\",\"@graph\":[{\"@type\":\"WebPage\",\"@id\":\"https:\/\/cerhom.fr\/index.php\/tomo\/\",\"url\":\"https:\/\/cerhom.fr\/index.php\/tomo\/\",\"name\":\"TOMO - CerHom\",\"isPartOf\":{\"@id\":\"https:\/\/cerhom.fr\/#website\"},\"datePublished\":\"2026-03-26T19:54:24+00:00\",\"dateModified\":\"2026-04-03T15:30:53+00:00\",\"breadcrumb\":{\"@id\":\"https:\/\/cerhom.fr\/index.php\/tomo\/#breadcrumb\"},\"inLanguage\":\"fr-FR\",\"potentialAction\":[{\"@type\":\"ReadAction\",\"target\":[\"https:\/\/cerhom.fr\/index.php\/tomo\/\"]}]},{\"@type\":\"BreadcrumbList\",\"@id\":\"https:\/\/cerhom.fr\/index.php\/tomo\/#breadcrumb\",\"itemListElement\":[{\"@type\":\"ListItem\",\"position\":1,\"name\":\"Accueil\",\"item\":\"https:\/\/cerhom.fr\/\"},{\"@type\":\"ListItem\",\"position\":2,\"name\":\"TOMO\"}]},{\"@type\":\"WebSite\",\"@id\":\"https:\/\/cerhom.fr\/#website\",\"url\":\"https:\/\/cerhom.fr\/\",\"name\":\"CerHom la fin du cancer le d\u00e9but de l'homme\",\"description\":\"\",\"publisher\":{\"@id\":\"https:\/\/cerhom.fr\/#organization\"},\"potentialAction\":[{\"@type\":\"SearchAction\",\"target\":{\"@type\":\"EntryPoint\",\"urlTemplate\":\"https:\/\/cerhom.fr\/?s={search_term_string}\"},\"query-input\":{\"@type\":\"PropertyValueSpecification\",\"valueRequired\":true,\"valueName\":\"search_term_string\"}}],\"inLanguage\":\"fr-FR\"},{\"@type\":\"Organization\",\"@id\":\"https:\/\/cerhom.fr\/#organization\",\"name\":\"CerHom\",\"url\":\"https:\/\/cerhom.fr\/\",\"logo\":{\"@type\":\"ImageObject\",\"inLanguage\":\"fr-FR\",\"@id\":\"https:\/\/cerhom.fr\/#\/schema\/logo\/image\/\",\"url\":\"http:\/\/cerhom.fr\/wp-content\/uploads\/2025\/10\/Logo-HD.png\",\"contentUrl\":\"http:\/\/cerhom.fr\/wp-content\/uploads\/2025\/10\/Logo-HD.png\",\"width\":1146,\"height\":795,\"caption\":\"CerHom\"},\"image\":{\"@id\":\"https:\/\/cerhom.fr\/#\/schema\/logo\/image\/\"},\"sameAs\":[\"https:\/\/www.facebook.com\/CerhomAsso\/\",\"https:\/\/x.com\/CerhomAsso\",\"https:\/\/www.instagram.com\/cerhomasso\/?hl=fr\",\"https:\/\/www.linkedin.com\/company\/cerhom\/?originalSubdomain=fr\"]}]}<\/script>\n<!-- \/ Yoast SEO plugin. -->","yoast_head_json":{"title":"TOMO - CerHom","robots":{"index":"index","follow":"follow","max-snippet":"max-snippet:-1","max-image-preview":"max-image-preview:large","max-video-preview":"max-video-preview:-1"},"canonical":"https:\/\/cerhom.fr\/index.php\/tomo\/","og_locale":"fr_FR","og_type":"article","og_title":"TOMO - CerHom","og_description":"TOMO :&nbsp;Parler avec quelqu\u2019un qui comprend vraiment Quand on est touch\u00e9 par un cancer de la prostate, certaines questions sont difficiles \u00e0 poser\u2026&nbsp;Certaines exp\u00e9riences sont difficiles \u00e0 partager\u2026 &nbsp; &nbsp; &nbsp; Et si vous pouviez \u00e9changer avec quelqu\u2019un qui est pass\u00e9 par l\u00e0 ? Gr\u00e2ce \u00e0 la pair-aidance, vous pouvez parler avec un patient ayant [&hellip;]","og_url":"https:\/\/cerhom.fr\/index.php\/tomo\/","og_site_name":"CerHom","article_publisher":"https:\/\/www.facebook.com\/CerhomAsso\/","article_modified_time":"2026-04-03T15:30:53+00:00","twitter_card":"summary_large_image","twitter_site":"@CerhomAsso","twitter_misc":{"Dur\u00e9e de lecture estim\u00e9e":"5 minutes"},"schema":{"@context":"https:\/\/schema.org","@graph":[{"@type":"WebPage","@id":"https:\/\/cerhom.fr\/index.php\/tomo\/","url":"https:\/\/cerhom.fr\/index.php\/tomo\/","name":"TOMO - CerHom","isPartOf":{"@id":"https:\/\/cerhom.fr\/#website"},"datePublished":"2026-03-26T19:54:24+00:00","dateModified":"2026-04-03T15:30:53+00:00","breadcrumb":{"@id":"https:\/\/cerhom.fr\/index.php\/tomo\/#breadcrumb"},"inLanguage":"fr-FR","potentialAction":[{"@type":"ReadAction","target":["https:\/\/cerhom.fr\/index.php\/tomo\/"]}]},{"@type":"BreadcrumbList","@id":"https:\/\/cerhom.fr\/index.php\/tomo\/#breadcrumb","itemListElement":[{"@type":"ListItem","position":1,"name":"Accueil","item":"https:\/\/cerhom.fr\/"},{"@type":"ListItem","position":2,"name":"TOMO"}]},{"@type":"WebSite","@id":"https:\/\/cerhom.fr\/#website","url":"https:\/\/cerhom.fr\/","name":"CerHom la fin du cancer le d\u00e9but de l'homme","description":"","publisher":{"@id":"https:\/\/cerhom.fr\/#organization"},"potentialAction":[{"@type":"SearchAction","target":{"@type":"EntryPoint","urlTemplate":"https:\/\/cerhom.fr\/?s={search_term_string}"},"query-input":{"@type":"PropertyValueSpecification","valueRequired":true,"valueName":"search_term_string"}}],"inLanguage":"fr-FR"},{"@type":"Organization","@id":"https:\/\/cerhom.fr\/#organization","name":"CerHom","url":"https:\/\/cerhom.fr\/","logo":{"@type":"ImageObject","inLanguage":"fr-FR","@id":"https:\/\/cerhom.fr\/#\/schema\/logo\/image\/","url":"http:\/\/cerhom.fr\/wp-content\/uploads\/2025\/10\/Logo-HD.png","contentUrl":"http:\/\/cerhom.fr\/wp-content\/uploads\/2025\/10\/Logo-HD.png","width":1146,"height":795,"caption":"CerHom"},"image":{"@id":"https:\/\/cerhom.fr\/#\/schema\/logo\/image\/"},"sameAs":["https:\/\/www.facebook.com\/CerhomAsso\/","https:\/\/x.com\/CerhomAsso","https:\/\/www.instagram.com\/cerhomasso\/?hl=fr","https:\/\/www.linkedin.com\/company\/cerhom\/?originalSubdomain=fr"]}]}},"_links":{"self":[{"href":"https:\/\/cerhom.fr\/index.php\/wp-json\/wp\/v2\/pages\/1604","targetHints":{"allow":["GET"]}}],"collection":[{"href":"https:\/\/cerhom.fr\/index.php\/wp-json\/wp\/v2\/pages"}],"about":[{"href":"https:\/\/cerhom.fr\/index.php\/wp-json\/wp\/v2\/types\/page"}],"author":[{"embeddable":true,"href":"https:\/\/cerhom.fr\/index.php\/wp-json\/wp\/v2\/users\/1"}],"replies":[{"embeddable":true,"href":"https:\/\/cerhom.fr\/index.php\/wp-json\/wp\/v2\/comments?post=1604"}],"version-history":[{"count":13,"href":"https:\/\/cerhom.fr\/index.php\/wp-json\/wp\/v2\/pages\/1604\/revisions"}],"predecessor-version":[{"id":1635,"href":"https:\/\/cerhom.fr\/index.php\/wp-json\/wp\/v2\/pages\/1604\/revisions\/1635"}],"wp:attachment":[{"href":"https:\/\/cerhom.fr\/index.php\/wp-json\/wp\/v2\/media?parent=1604"}],"curies":[{"name":"wp","href":"https:\/\/api.w.org\/{rel}","templated":true}]}}