{"id":10,"date":"2025-08-05T20:00:33","date_gmt":"2025-08-05T18:00:33","guid":{"rendered":"http:\/\/cerhom.fr\/?page_id=10"},"modified":"2026-03-16T19:08:43","modified_gmt":"2026-03-16T18:08:43","slug":"benevolat","status":"publish","type":"page","link":"https:\/\/cerhom.fr\/index.php\/benevolat\/","title":{"rendered":"B\u00e9n\u00e9volat"},"content":{"rendered":"<div class=\"\" style=\"\" >\n    \n    <section class=\"u-clearfix u-gradient u-image u-section-2\" id=\"block-4\" data-image-width=\"1536\" data-image-height=\"1024\" style=\"background-image: linear-gradient(rgba(255, 255, 255, 0.7), rgba(255, 255, 255, 0.7)), url(&quot;https:\/\/cerhom.fr\/wp-content\/uploads\/2026\/01\/ChatGPTImage26janv.202621_54_13.png&quot;);\">\n      <div class=\"u-clearfix u-sheet u-sheet-1\">\n        <div class=\"u-color-var u-radius u-shape u-shape-round u-shape-1\"><\/div>\n        <h1 class=\"u-text u-text-1\">Pourquoi devenir b\u00e9n\u00e9vole ?<\/h1>\n      <\/div>\n    <\/section>\n    <section class=\"u-clearfix u-section-3\" id=\"block-1\">\n      <div class=\"u-expanded-height-xl u-expanded-width-md u-expanded-width-sm u-expanded-width-xs u-video u-video-contain u-video-1\">\n        <div class=\"embed-responsive embed-responsive-1\">\n          <iframe style=\"position: absolute;top: 0;left: 0;width: 100%;height: 100%;\" class=\"embed-responsive-item\" data-src=\"https:\/\/www.youtube.com\/embed\/GLEC1AXb47M?mute=0&amp;showinfo=0&amp;controls=0&amp;start=0\" data-poster=\"https:\/\/cerhom.fr\/wp-content\/uploads\/2026\/01\/Capturedecran2026-01-26a21.56.46.png\" frameborder=\"0\" allowfullscreen=\"\"><\/iframe>\n          <button class=\"u-video-poster u-video-poster-1\" data-src=\"https:\/\/cerhom.fr\/wp-content\/uploads\/2026\/01\/Capturedecran2026-01-26a21.56.46.png\" style=\"background-image: url(&quot;https:\/\/cerhom.fr\/wp-content\/uploads\/2026\/01\/Capturedecran2026-01-26a21.56.46.png&quot;);\"><\/button>\n        <\/div>\n      <\/div>\n      <p class=\"u-text u-text-1\"><span style=\"font-weight: 700;\" class=\"u-text-custom-color-34\">Parce que les cancers masculins restent encore trop tabous<\/span>, et que l\u2019information, la <span style=\"font-weight: 700;\" class=\"u-text-custom-color-34\">pr\u00e9vention<\/span> et <span class=\"u-text-custom-color-34\" style=\"font-weight: 700;\">l\u2019accompagnement<\/span> peuvent changer des vies.&nbsp;<br>\n        <br>En tant que <span class=\"u-text-custom-color-34\" style=\"font-weight: 700;\">b\u00e9n\u00e9vole<\/span>, tu <span class=\"u-text-custom-color-34\" style=\"font-weight: 700;\">contribues<\/span> \u00e0 briser le silence, \u00e0 <span style=\"font-weight: 700;\" class=\"u-text-custom-color-34\">diffuser<\/span> des messages clairs et accessibles, et \u00e0 <span class=\"u-text-custom-color-34\" style=\"font-weight: 700;\">encourager<\/span> les hommes \u00e0 <span class=\"u-text-custom-color-34\" style=\"font-weight: 700;\">prendre soin de leur sant\u00e9<\/span>.&nbsp;<br>\n        <br>Tu <span style=\"font-weight: 700;\" class=\"u-text-custom-color-34\">rejoins une communaut\u00e9 soud\u00e9e et bienveillante<\/span>, compos\u00e9e de patients, proches, professionnels de sant\u00e9, communicants, et citoyens engag\u00e9s, <span class=\"u-text-custom-color-34\" style=\"font-weight: 700;\">tous unis<\/span> par la m\u00eame <span class=\"u-text-custom-color-34\" style=\"font-weight: 700;\">envie d\u2019aider<\/span>, d\u2019<span style=\"font-weight: 700;\" class=\"u-text-custom-color-34\">\u00e9couter<\/span> et de <span class=\"u-text-custom-color-34\" style=\"font-weight: 700;\">sensibiliser<\/span>.&nbsp;\n      <\/p>\n    <\/section>\n    <section class=\"u-clearfix u-palette-5-light-3 u-section-4\" id=\"block-2\">\n      <div class=\"u-clearfix u-sheet u-valign-middle-lg u-valign-middle-sm u-sheet-1\">\n        <div class=\"u-color-var u-expanded-width-xs u-radius u-shape u-shape-round u-shape-1\"><\/div>\n        <h1 class=\"u-text u-text-default-lg u-text-default-md u-text-default-sm u-text-default-xl u-text-1\">Choisis ta ou tes missions ! <\/h1>\n      <\/div>\n    <\/section>\n    <section class=\"u-clearfix u-palette-5-light-3 u-section-5\" id=\"block-6\">\n      <div class=\"u-clearfix u-sheet u-valign-middle-lg u-valign-middle-sm u-sheet-1\">\n        <p class=\"u-text u-text-custom-color-34 u-text-1\"> &#x1f4e3; \u200b T\u00e9moigner ?<\/p>\n        <p class=\"u-text u-text-custom-color-34 u-text-2\">&#x1f3c3; Venir renforcer les \u00e9quipes sur le terrain ?<\/p>\n        <ul class=\"u-text u-text-3\">\n          <li> Accueillir\nle public et orienter les participants<\/li>\n          <li>Aider \u00e0 l\u2019installation et au rangement du mat\u00e9riel<\/li>\n          <li>Soutenir l\u2019\u00e9quipe sur des besoins logistiques simples<\/li>\n          <li>\u00catre pr\u00e9sent pour fluidifier le d\u00e9roulement de l\u2019\u00e9v\u00e9nement<br><!--[if !supportLineBreakNewLine]-->\n            <br><!--[endif]-->\n          <\/li>\n        <\/ul>\n        <ul class=\"u-text u-text-4\">\n          <li> Partager son t\u00e9moignage de mani\u00e8re \u00e9crite ou orale<\/li>\n          <li>Participer \u00e0 des temps d\u2019\u00e9change, conf\u00e9rences ou interventions, podcasts,\nradio \u2026<\/li>\n          <li>Contribuer \u00e0 des supports de communication (articles, vid\u00e9os, t\u00e9moignages)<\/li>\n          <li>Transmettre des messages d\u2019espoir et de pr\u00e9vention<\/li>\n        <\/ul>\n        <div class=\"custom-expanded u-custom-color-36 u-radius u-shape u-shape-round u-shape-1\"><\/div>\n        <p class=\"u-text u-text-body-alt-color u-text-5\">Sur quel type d'\u00e9v\u00e9nements ?<\/p>\n        <ul class=\"u-text u-text-6\">\n          <li> Des repr\u00e9sentations th\u00e9\u00e2trales et d\u00e9bats<\/li>\n          <li>Des conf\u00e9rences et tables rondes<\/li>\n          <li>Des interventions de sensibilisation ponctuelles<\/li>\n          <li>Des \u00e9v\u00e9nements solidaires ou partenaires<\/li>\n        <\/ul>\n        <div class=\"custom-expanded u-custom-color-36 u-radius u-shape u-shape-round u-shape-2\"><\/div>\n        <p class=\"u-text u-text-body-alt-color u-text-7\">Mais comment ?<\/p>\n        <ul class=\"u-text u-text-8\">\n          <li style=\"\"> \u00c9cris ton histoire<\/li>\n          <li style=\"\">Explique ton v\u00e9cu lors d\u2019\u00e9v\u00e9nements ou d\u2019interventions<\/li>\n          <li style=\"\">Participes \u00e0 des interviews ou contenus audiovisuels<\/li>\n          <li style=\"\">\u00c9changes lors de temps d\u2019\u00e9change encadr\u00e9s<\/li>\n        <\/ul>\n        <p class=\"u-text u-text-custom-color-34 u-text-9\"> &#x1f4e3; \u200b Intervenir lors de sensibilisation ?<\/p>\n        <p class=\"u-text u-text-custom-color-34 u-text-10\">&#x1f468;&#x200d;&#x1f4bc; Et pourquoi pas devenir ambassadeur ?<\/p>\n        <ul class=\"u-text u-text-11\">\n          <li> Participer \u00e0 des interventions pr\u00e9par\u00e9es en amont<\/li>\n          <li>T\u00e9moigner ou relayer des messages de pr\u00e9vention<\/li>\n          <li>\u00c9changer avec les participants et r\u00e9pondre aux questions simples<\/li>\n          <li>Contribuer \u00e0 un climat d\u2019\u00e9coute et de confiance<br><!--[if !supportLineBreakNewLine]-->\n            <br><!--[endif]-->\n          <\/li>\n        <\/ul>\n        <div class=\"custom-expanded u-custom-color-36 u-radius u-shape u-shape-round u-shape-3\"><\/div>\n        <p class=\"u-text u-text-body-alt-color u-text-12\">Pour qui ?<\/p>\n        <ul class=\"u-text u-text-13\">\n          <li style=\"\"> Des salari\u00e9s en entreprise<\/li>\n          <li style=\"\">Des apprentis et \u00e9tudiants<\/li>\n          <li style=\"\">Des Lyc\u00e9ens ou publics en formation<\/li>\n          <li style=\"\">Des patients<br><!--[if !supportLineBreakNewLine]-->\n            <br><!--[endif]-->\n          <\/li>\n        <\/ul>\n        <ul class=\"u-text u-text-14\">\n          <li> Relayer les informations et actions de CerHom localement<\/li>\n          <li>Faciliter la mise en relation avec des acteurs locaux (associations,\nstructures, collectivit\u00e9s)<\/li>\n          <li>Repr\u00e9senter CerHom lors de temps ponctuels si besoin<\/li>\n          <li>Faire remonter des opportunit\u00e9s ou id\u00e9es d\u2019action<\/li>\n        <\/ul>\n        <div class=\"custom-expanded u-custom-color-36 u-radius u-shape u-shape-round u-shape-4\"><\/div>\n        <p class=\"u-text u-text-body-alt-color u-text-15\">Pour qui ?<\/p>\n        <ul class=\"u-text u-text-16\">\n          <li style=\"\"> Dans ta ville, r\u00e9gion ...<\/li>\n          <li style=\"\">Effectues des actions ponctuelles&nbsp;<\/li>\n          <li style=\"\">Identifies des opportunit\u00e9s locales<\/li>\n        <\/ul>\n        <p class=\"u-text u-text-default u-text-17\">&#x26a0;&#xfe0f;&nbsp;Aucun objectif chiffr\u00e9 ou obligation de r\u00e9sultat<\/p>\n      <\/div>\n    <\/section>\n    <section class=\"u-clearfix u-section-6\" id=\"block-3\">\n      <div class=\"u-clearfix u-sheet u-valign-bottom-lg u-valign-bottom-sm u-sheet-1\">\n        <div class=\"u-color-var u-radius u-shape u-shape-round u-shape-1\"><\/div>\n        <h1 class=\"u-text u-text-1\">Pas besoin d'\u00eatre un expert !<\/h1>\n      <\/div>\n    <\/section>\n    <section class=\"u-clearfix u-section-7\" id=\"block-7\">\n      <div class=\"u-clearfix u-sheet u-valign-bottom-lg u-valign-bottom-sm u-valign-middle-xl u-sheet-1\">\n        <img decoding=\"async\" class=\"u-image u-image-contain u-image-default u-image-1\" src=\"https:\/\/cerhom.fr\/wp-content\/uploads\/2026\/01\/Benevolefaitladifference.png\" alt=\"\" data-image-width=\"380\" data-image-height=\"298\">\n        <img decoding=\"async\" class=\"u-image u-image-contain u-image-default u-image-2\" src=\"https:\/\/cerhom.fr\/wp-content\/uploads\/2026\/01\/Avancerasonrythme.png\" alt=\"\" data-image-width=\"380\" data-image-height=\"367\">\n        <p class=\"u-align-center u-text u-text-custom-color-34 u-text-1\"><span class=\"u-text-custom-color-36\">Chaque b\u00e9n\u00e9vole<\/span>\n          <br>fait la diff\u00e9rence\n        <\/p>\n        <p class=\"u-align-center u-text u-text-custom-color-34 u-text-2\">\n          <font color=\"#28d9fd\">Tu avances<\/font>\n          <br>\u00e0 ton rythme\n        <\/p>\n        <p class=\"u-align-center u-text u-text-custom-color-34 u-text-3\"><span class=\"u-text-custom-color-36\">CerHom t'accompagne<\/span>\n          <br>toujours\n        <\/p>\n        <img decoding=\"async\" class=\"u-image u-image-contain u-image-default u-image-3\" src=\"https:\/\/cerhom.fr\/wp-content\/uploads\/2026\/01\/Entraide.png\" alt=\"\" data-image-width=\"380\" data-image-height=\"367\">\n      <\/div>\n    <\/section>\n    <section class=\"u-clearfix u-palette-5-light-3 u-section-8\" id=\"sec-cac2\">\n      <div class=\"u-clearfix u-sheet u-valign-middle-lg u-valign-middle-md u-valign-middle-sm u-valign-middle-xs u-sheet-1\">\n        <div class=\"u-rotation-parent u-rotation-parent-1\">\n          <img decoding=\"async\" class=\"u-image u-image-contain u-image-default u-image-1\" src=\"https:\/\/cerhom.fr\/wp-content\/uploads\/2026\/01\/Pret_.png\" alt=\"\" data-image-width=\"1505\" data-image-height=\"340\">\n        <\/div>\n        <a href=\"https:\/\/www.helloasso.com\/associations\/cerhom\/adhesions\/devenir-benevole?_gl=1%2a8ww8ep%2a_gcl_aw%2aR0NMLjE3NzE4NzIwNDIuQ2p3S0NBaUFrdkRNQmhCTUVpd0FuVUE5QlNiN19CZ3BETVRQcDZOZDBEQXMzdWdrVW9DTFNNUEthT3N6VGlHTkp6a0RDcTF3ZnY2WVZSb0NqZEFRQXZEX0J3RQ..%2a_gcl_au%2aMTgzMjc0MDI2NS4xNzcxODcyMDQy\" class=\"u-btn u-btn-round u-button-style u-custom-color-36 u-hover-custom-color-34 u-radius u-text-custom-color-34 u-text-hover-custom-color-36 u-btn-1\">Remplir le formulaire<\/a>\n        <p class=\"u-text u-text-default u-text-1\">Merci ! Tu seras recontact\u00e9(e) rapidement.<\/p>\n      <\/div>\n    <\/section>\n    \n    \n    \n  \n<\/div>","protected":false},"excerpt":{"rendered":"<p>Pourquoi devenir b\u00e9n\u00e9vole ? Parce que les cancers masculins restent encore trop tabous, et que l\u2019information, la pr\u00e9vention et l\u2019accompagnement peuvent changer des vies.&nbsp; En tant que b\u00e9n\u00e9vole, tu contribues \u00e0 briser le silence, \u00e0 diffuser des messages clairs et accessibles, et \u00e0 encourager les hommes \u00e0 prendre soin de leur sant\u00e9.&nbsp; Tu rejoins une [&hellip;]<\/p>\n","protected":false},"author":1,"featured_media":0,"parent":0,"menu_order":0,"comment_status":"closed","ping_status":"closed","template":"","meta":{"footnotes":""},"class_list":["post-10","page","type-page","status-publish","hentry"],"yoast_head":"<!-- This site is optimized with the Yoast SEO plugin v27.4 - https:\/\/yoast.com\/product\/yoast-seo-wordpress\/ -->\n<title>CerHom L&#039;association cerhom<\/title>\n<meta name=\"description\" content=\"CerHom est une association d\u00e9di\u00e9e \u00e0 la sant\u00e9 masculine et \u00e0 la lutte contre les cancers de la prostate et du testicule. Pr\u00e9vention, \u00e9coute, soutien et accompagnement des hommes et de leurs proches.\" \/>\n<meta name=\"robots\" content=\"index, follow, max-snippet:-1, max-image-preview:large, max-video-preview:-1\" \/>\n<link rel=\"canonical\" href=\"https:\/\/cerhom.fr\/index.php\/benevolat\/\" \/>\n<meta property=\"og:locale\" content=\"fr_FR\" \/>\n<meta property=\"og:type\" content=\"article\" \/>\n<meta property=\"og:title\" content=\"CerHom L&#039;association cerhom\" \/>\n<meta property=\"og:description\" content=\"CerHom est une association d\u00e9di\u00e9e \u00e0 la sant\u00e9 masculine et \u00e0 la lutte contre les cancers de la prostate et du testicule. Pr\u00e9vention, \u00e9coute, soutien et accompagnement des hommes et de leurs proches.\" \/>\n<meta property=\"og:url\" content=\"https:\/\/cerhom.fr\/index.php\/benevolat\/\" \/>\n<meta property=\"og:site_name\" content=\"CerHom\" \/>\n<meta property=\"article:publisher\" content=\"https:\/\/www.facebook.com\/CerhomAsso\/\" \/>\n<meta property=\"article:modified_time\" content=\"2026-03-16T18:08:43+00:00\" \/>\n<meta name=\"twitter:card\" content=\"summary_large_image\" \/>\n<meta name=\"twitter:site\" content=\"@CerhomAsso\" \/>\n<meta name=\"twitter:label1\" content=\"Dur\u00e9e de lecture estim\u00e9e\" \/>\n\t<meta name=\"twitter:data1\" content=\"4 minutes\" \/>\n<script type=\"application\/ld+json\" class=\"yoast-schema-graph\">{\"@context\":\"https:\\\/\\\/schema.org\",\"@graph\":[{\"@type\":\"WebPage\",\"@id\":\"https:\\\/\\\/cerhom.fr\\\/index.php\\\/benevolat\\\/\",\"url\":\"https:\\\/\\\/cerhom.fr\\\/index.php\\\/benevolat\\\/\",\"name\":\"CerHom L'association cerhom\",\"isPartOf\":{\"@id\":\"https:\\\/\\\/cerhom.fr\\\/#website\"},\"datePublished\":\"2025-08-05T18:00:33+00:00\",\"dateModified\":\"2026-03-16T18:08:43+00:00\",\"description\":\"CerHom est une association d\u00e9di\u00e9e \u00e0 la sant\u00e9 masculine et \u00e0 la lutte contre les cancers de la prostate et du testicule. Pr\u00e9vention, \u00e9coute, soutien et accompagnement des hommes et de leurs proches.\",\"breadcrumb\":{\"@id\":\"https:\\\/\\\/cerhom.fr\\\/index.php\\\/benevolat\\\/#breadcrumb\"},\"inLanguage\":\"fr-FR\",\"potentialAction\":[{\"@type\":\"ReadAction\",\"target\":[\"https:\\\/\\\/cerhom.fr\\\/index.php\\\/benevolat\\\/\"]}]},{\"@type\":\"BreadcrumbList\",\"@id\":\"https:\\\/\\\/cerhom.fr\\\/index.php\\\/benevolat\\\/#breadcrumb\",\"itemListElement\":[{\"@type\":\"ListItem\",\"position\":1,\"name\":\"Accueil\",\"item\":\"https:\\\/\\\/cerhom.fr\\\/\"},{\"@type\":\"ListItem\",\"position\":2,\"name\":\"B\u00e9n\u00e9volat\"}]},{\"@type\":\"WebSite\",\"@id\":\"https:\\\/\\\/cerhom.fr\\\/#website\",\"url\":\"https:\\\/\\\/cerhom.fr\\\/\",\"name\":\"CerHom la fin du cancer le d\u00e9but de l'homme\",\"description\":\"\",\"publisher\":{\"@id\":\"https:\\\/\\\/cerhom.fr\\\/#organization\"},\"potentialAction\":[{\"@type\":\"SearchAction\",\"target\":{\"@type\":\"EntryPoint\",\"urlTemplate\":\"https:\\\/\\\/cerhom.fr\\\/?s={search_term_string}\"},\"query-input\":{\"@type\":\"PropertyValueSpecification\",\"valueRequired\":true,\"valueName\":\"search_term_string\"}}],\"inLanguage\":\"fr-FR\"},{\"@type\":\"Organization\",\"@id\":\"https:\\\/\\\/cerhom.fr\\\/#organization\",\"name\":\"CerHom\",\"url\":\"https:\\\/\\\/cerhom.fr\\\/\",\"logo\":{\"@type\":\"ImageObject\",\"inLanguage\":\"fr-FR\",\"@id\":\"https:\\\/\\\/cerhom.fr\\\/#\\\/schema\\\/logo\\\/image\\\/\",\"url\":\"http:\\\/\\\/cerhom.fr\\\/wp-content\\\/uploads\\\/2025\\\/10\\\/Logo-HD.png\",\"contentUrl\":\"http:\\\/\\\/cerhom.fr\\\/wp-content\\\/uploads\\\/2025\\\/10\\\/Logo-HD.png\",\"width\":1146,\"height\":795,\"caption\":\"CerHom\"},\"image\":{\"@id\":\"https:\\\/\\\/cerhom.fr\\\/#\\\/schema\\\/logo\\\/image\\\/\"},\"sameAs\":[\"https:\\\/\\\/www.facebook.com\\\/CerhomAsso\\\/\",\"https:\\\/\\\/x.com\\\/CerhomAsso\",\"https:\\\/\\\/www.instagram.com\\\/cerhomasso\\\/?hl=fr\",\"https:\\\/\\\/www.linkedin.com\\\/company\\\/cerhom\\\/?originalSubdomain=fr\"]}]}<\/script>\n<!-- \/ Yoast SEO plugin. -->","yoast_head_json":{"title":"CerHom L'association cerhom","description":"CerHom est une association d\u00e9di\u00e9e \u00e0 la sant\u00e9 masculine et \u00e0 la lutte contre les cancers de la prostate et du testicule. Pr\u00e9vention, \u00e9coute, soutien et accompagnement des hommes et de leurs proches.","robots":{"index":"index","follow":"follow","max-snippet":"max-snippet:-1","max-image-preview":"max-image-preview:large","max-video-preview":"max-video-preview:-1"},"canonical":"https:\/\/cerhom.fr\/index.php\/benevolat\/","og_locale":"fr_FR","og_type":"article","og_title":"CerHom L'association cerhom","og_description":"CerHom est une association d\u00e9di\u00e9e \u00e0 la sant\u00e9 masculine et \u00e0 la lutte contre les cancers de la prostate et du testicule. Pr\u00e9vention, \u00e9coute, soutien et accompagnement des hommes et de leurs proches.","og_url":"https:\/\/cerhom.fr\/index.php\/benevolat\/","og_site_name":"CerHom","article_publisher":"https:\/\/www.facebook.com\/CerhomAsso\/","article_modified_time":"2026-03-16T18:08:43+00:00","twitter_card":"summary_large_image","twitter_site":"@CerhomAsso","twitter_misc":{"Dur\u00e9e de lecture estim\u00e9e":"4 minutes"},"schema":{"@context":"https:\/\/schema.org","@graph":[{"@type":"WebPage","@id":"https:\/\/cerhom.fr\/index.php\/benevolat\/","url":"https:\/\/cerhom.fr\/index.php\/benevolat\/","name":"CerHom L'association cerhom","isPartOf":{"@id":"https:\/\/cerhom.fr\/#website"},"datePublished":"2025-08-05T18:00:33+00:00","dateModified":"2026-03-16T18:08:43+00:00","description":"CerHom est une association d\u00e9di\u00e9e \u00e0 la sant\u00e9 masculine et \u00e0 la lutte contre les cancers de la prostate et du testicule. Pr\u00e9vention, \u00e9coute, soutien et accompagnement des hommes et de leurs proches.","breadcrumb":{"@id":"https:\/\/cerhom.fr\/index.php\/benevolat\/#breadcrumb"},"inLanguage":"fr-FR","potentialAction":[{"@type":"ReadAction","target":["https:\/\/cerhom.fr\/index.php\/benevolat\/"]}]},{"@type":"BreadcrumbList","@id":"https:\/\/cerhom.fr\/index.php\/benevolat\/#breadcrumb","itemListElement":[{"@type":"ListItem","position":1,"name":"Accueil","item":"https:\/\/cerhom.fr\/"},{"@type":"ListItem","position":2,"name":"B\u00e9n\u00e9volat"}]},{"@type":"WebSite","@id":"https:\/\/cerhom.fr\/#website","url":"https:\/\/cerhom.fr\/","name":"CerHom la fin du cancer le d\u00e9but de l'homme","description":"","publisher":{"@id":"https:\/\/cerhom.fr\/#organization"},"potentialAction":[{"@type":"SearchAction","target":{"@type":"EntryPoint","urlTemplate":"https:\/\/cerhom.fr\/?s={search_term_string}"},"query-input":{"@type":"PropertyValueSpecification","valueRequired":true,"valueName":"search_term_string"}}],"inLanguage":"fr-FR"},{"@type":"Organization","@id":"https:\/\/cerhom.fr\/#organization","name":"CerHom","url":"https:\/\/cerhom.fr\/","logo":{"@type":"ImageObject","inLanguage":"fr-FR","@id":"https:\/\/cerhom.fr\/#\/schema\/logo\/image\/","url":"http:\/\/cerhom.fr\/wp-content\/uploads\/2025\/10\/Logo-HD.png","contentUrl":"http:\/\/cerhom.fr\/wp-content\/uploads\/2025\/10\/Logo-HD.png","width":1146,"height":795,"caption":"CerHom"},"image":{"@id":"https:\/\/cerhom.fr\/#\/schema\/logo\/image\/"},"sameAs":["https:\/\/www.facebook.com\/CerhomAsso\/","https:\/\/x.com\/CerhomAsso","https:\/\/www.instagram.com\/cerhomasso\/?hl=fr","https:\/\/www.linkedin.com\/company\/cerhom\/?originalSubdomain=fr"]}]}},"_links":{"self":[{"href":"https:\/\/cerhom.fr\/index.php\/wp-json\/wp\/v2\/pages\/10","targetHints":{"allow":["GET"]}}],"collection":[{"href":"https:\/\/cerhom.fr\/index.php\/wp-json\/wp\/v2\/pages"}],"about":[{"href":"https:\/\/cerhom.fr\/index.php\/wp-json\/wp\/v2\/types\/page"}],"author":[{"embeddable":true,"href":"https:\/\/cerhom.fr\/index.php\/wp-json\/wp\/v2\/users\/1"}],"replies":[{"embeddable":true,"href":"https:\/\/cerhom.fr\/index.php\/wp-json\/wp\/v2\/comments?post=10"}],"version-history":[{"count":9,"href":"https:\/\/cerhom.fr\/index.php\/wp-json\/wp\/v2\/pages\/10\/revisions"}],"predecessor-version":[{"id":983,"href":"https:\/\/cerhom.fr\/index.php\/wp-json\/wp\/v2\/pages\/10\/revisions\/983"}],"wp:attachment":[{"href":"https:\/\/cerhom.fr\/index.php\/wp-json\/wp\/v2\/media?parent=10"}],"curies":[{"name":"wp","href":"https:\/\/api.w.org\/{rel}","templated":true}]}}